{"id":149,"date":"2025-05-13T19:22:12","date_gmt":"2025-05-13T17:22:12","guid":{"rendered":"https:\/\/www.kalveknatten.no\/?page_id=149"},"modified":"2025-06-08T16:28:58","modified_gmt":"2025-06-08T14:28:58","slug":"interesser-og-prosjekter","status":"publish","type":"page","link":"https:\/\/www.kalveknatten.no\/?page_id=149","title":{"rendered":"Interesser og prosjekter."},"content":{"rendered":"\n<p>Foto: Bj\u00f8rg Holm<\/p>\n\n\n\n<p>B\u00e5de Knut Olav og jeg har v\u00e6rt aktive i stedets foreningsliv.<\/p>\n\n\n\n<p>Knut Olav har har v\u00e6rt mange\u00e5rig leder av Flosta speidergruppe som fortsatt er et godt tilbud for barn fra hele skolekretsen. N\u00e5 er det bl.a. Lions aktiviteter og loppemarked som tar litt av hans tid. Jeg har alltid v\u00e6rt samfunnsengasjert, v\u00e6rt med i lokalpolitikk og har senere bl.a. v\u00e6rt leder av Flosta historielag, redakt\u00f8r for \u00e5rsskrift og hjemmeside i mange \u00e5r, men n\u00e5 er det hjemlige sysler, noen sauer og bir\u00f8kt. Vi liker \u00e5 samle familien til h\u00f8ytider og har i mer enn 30 \u00e5r laget P\u00e5sken\u00f8tter; oppgaver som leder frem til et sted der det store p\u00e5skeegget er gjemt.    <\/p>\n\n\n\n<p>2020: <a href=\"https:\/\/www.kalveknatten.no\/?page_id=433\" data-type=\"page\" data-id=\"433\">Krigshistorisk rundtur<\/a><strong> <\/strong>&#8211; Mitt manus for guiding<\/p>\n\n\n\n<p>2023: <a href=\"https:\/\/www.kalveknatten.no\/?page_id=371\" data-type=\"page\" data-id=\"371\">Flosta 1723-2023<\/a> &#8211; mitt foredrag p\u00e5 skolen 30.05.<\/p>\n\n\n\n<p>2025: <a href=\"https:\/\/www.kalveknatten.no\/?page_id=158\" data-type=\"page\" data-id=\"158\">Noen p\u00e5sken\u00f8tter<\/a><\/p>\n\n\n\n<p><\/p>\n","protected":false},"excerpt":{"rendered":"<p>Foto: Bj\u00f8rg Holm B\u00e5de Knut Olav og jeg har v\u00e6rt aktive i stedets foreningsliv. Knut Olav har har v\u00e6rt mange\u00e5rig leder av Flosta speidergruppe som fortsatt er et godt tilbud for barn fra hele skolekretsen. N\u00e5 er det bl.a. Lions aktiviteter og loppemarked som tar litt av hans tid. Jeg har alltid v\u00e6rt samfunnsengasjert, v\u00e6rt [&hellip;]<\/p>\n","protected":false},"author":2,"featured_media":163,"parent":0,"menu_order":0,"comment_status":"closed","ping_status":"closed","template":"","meta":{"footnotes":""},"class_list":["post-149","page","type-page","status-publish","has-post-thumbnail","hentry"],"_links":{"self":[{"href":"https:\/\/www.kalveknatten.no\/index.php?rest_route=\/wp\/v2\/pages\/149","targetHints":{"allow":["GET"]}}],"collection":[{"href":"https:\/\/www.kalveknatten.no\/index.php?rest_route=\/wp\/v2\/pages"}],"about":[{"href":"https:\/\/www.kalveknatten.no\/index.php?rest_route=\/wp\/v2\/types\/page"}],"author":[{"embeddable":true,"href":"https:\/\/www.kalveknatten.no\/index.php?rest_route=\/wp\/v2\/users\/2"}],"replies":[{"embeddable":true,"href":"https:\/\/www.kalveknatten.no\/index.php?rest_route=%2Fwp%2Fv2%2Fcomments&post=149"}],"version-history":[{"count":14,"href":"https:\/\/www.kalveknatten.no\/index.php?rest_route=\/wp\/v2\/pages\/149\/revisions"}],"predecessor-version":[{"id":555,"href":"https:\/\/www.kalveknatten.no\/index.php?rest_route=\/wp\/v2\/pages\/149\/revisions\/555"}],"wp:featuredmedia":[{"embeddable":true,"href":"https:\/\/www.kalveknatten.no\/index.php?rest_route=\/wp\/v2\/media\/163"}],"wp:attachment":[{"href":"https:\/\/www.kalveknatten.no\/index.php?rest_route=%2Fwp%2Fv2%2Fmedia&parent=149"}],"curies":[{"name":"wp","href":"https:\/\/api.w.org\/{rel}","templated":true}]}}